ple of 1356?
False
Does 259 divide 23129168?
False
Is 14 a factor of 3062342744?
False
Is 1559 a factor of 341087374?
True
Is 323 a factor of 93631036?
False
Is 425 a factor of 2834825627?
False
Does 181 divide 29910422?
False
Does 642 divide 759507828?
True
Is 143 a factor of 27703676?
True
Is 42061755 a multiple of 274?
False
Is 6 a factor of 2997522?
True
Does 3 divide 38499080?
False
Is 866278274 a multiple of 5359?
False
Is 1458748998 a multiple of 35?
False
Is 1994297357 a multiple of 9997?
False
Is 12 a factor of 75811164?
True
Does 177 divide 41074486?
False
Is 693596114 a multiple of 1057?
False
Is 424 a factor of 131685072?
True
Is 1348 a factor of 256872332?
False
Is 155 a factor of 64387289?
False
Is 115448523 a multiple of 69?
True
Does 2 divide 14214384?
True
Is 2338 a factor of 184012290?
True
Does 45 divide 2360671?
False
Is 53 a factor of 27445838?
True
Does 123 divide 32413212?
False
Is 8 a factor of 1801612436?
False
Is 15606839 a multiple of 41?
False
Is 152170145 a multiple of 295?
True
Does 730 divide 119591416?
False
Does 12013 divide 792449558?
True
Is 3895 a factor of 811558397?
False
Does 7552 divide 4689414400?
True
Does 57 divide 1222728511?
False
Does 2360 divide 208543760?
True
Is 820663515 a multiple of 441?
True
Does 17 divide 16156627?
False
Is 1740258467 a multiple of 1376?
False
Is 1055 a factor of 943472771?
False
Is 4192823318 a multiple of 1399?
False
Does 257 divide 813432224?
False
Does 122 divide 96453200?
True
Does 615 divide 27220515?
True
Is 355608003 a multiple of 1203?
True
Does 12 divide 193949040?
True
Does 11 divide 3670761?
False
Is 165 a factor of 909116010?
True
Does 158 divide 11204798?
False
Is 10 a factor of 3059580?
True
Does 6 divide 8007048?
True
Is 2420645 a multiple of 924?
False
Does 2665 divide 96647336?
False
Does 970 divide 99886688?
False
Is 858651058 a multiple of 71?
False
Is 3114957626 a multiple of 22?
True
Is 85 a factor of 30540330?
True
Does 10 divide 96099868?
False
Is 8 a factor of 1226253640?
True
Is 40 a factor of 2971520?
True
Is 1323489590 a multiple of 2237?
False
Is 1760 a factor of 82723520?
True
Does 53 divide 8083783?
False
Does 3179 divide 109166927?
False
Does 18 divide 2326968?
True
Does 12 divide 166555125?
False
Is 4187 a factor of 750932637?
False
Does 7 divide 4557539?
True
Is 60840096 a multiple of 72?
False
Is 1262 a factor of 16697737?
False
Does 764 divide 385599204?
True
Does 189 divide 117145347?
False
Is 12 a factor of 209313792?
True
Is 24922296 a multiple of 27?
True
Is 187 a factor of 2609398?
True
Is 10483186 a multiple of 289?
True
Does 83 divide 281873971?
False
Does 799 divide 3143253165?
False
Does 1449 divide 274571780?
False
Does 17 divide 412221134?
True
Is 7749768 a multiple of 7?
False
Is 2 a factor of 30177512?
True
Is 705867421 a multiple of 134?
False
Is 142 a factor of 38101014?
True
Is 10 a factor of 512439500?
True
Is 1112 a factor of 18435581?
False
Is 32 a factor of 41828952?
False
Is 277 a factor of 206379978?
False
Does 7 divide 183612779?
True
Is 15520444 a multiple of 48?
False
Does 495 divide 444990115?
False
Is 33853442 even?
True
Is 6 a factor of 17742777?
False
Is 376300200 a multiple of 1545?
True
Does 79 divide 1367303165?
True
Is 195 a factor of 63749790?
True
Is 42647501 a multiple of 767?
True
Is 511 a factor of 24176085?
False
Does 5565 divide 1630352728?
False
Is 176 a factor of 5869254?
False
Is 17 a factor of 51602787?
False
Is 25 a factor of 1861995379?
False
Is 125 a factor of 155000044?
False
Is 397302345 a multiple of 2226?
False
Is 146791700 a multiple of 50?
True
Is 171 a factor of 3455452081?
False
Is 230 a factor of 73815300?
False
Is 11579754 a multiple of 4?
False
Does 2639 divide 2566981690?
True
Does 8 divide 1765418991?
False
Is 3 a factor of 121483265?
False
Does 12 divide 2489047368?
True
Is 91064376 a multiple of 531?
True
Does 26 divide 629127?
False
Does 112 divide 103477191?
False
Is 92 a factor of 60117190?
False
Is 490 a factor of 132805027?
False
Does 476 divide 28293440?
True
Does 29 divide 34973792?
False
Does 12 divide 29177830?
False
Is 95 a factor of 117014730?
True
Is 917 a factor of 380460549?
True
Is 16 a factor of 294487349?
False
Is 27 a factor of 10299960?
True
Does 8 divide 1067451784?
True
Is 404396921 a multiple of 102?
False
Does 508 divide 41037256?
True
Is 85492210 a multiple of 10?
True
Does 163 divide 7488148?
False
Does 34 divide 220815546?
False
Is 449760134 a multiple of 6?
False
Is 196 a factor of 23020200?
True
Is 73468337 a multiple of 52?
False
Is 262000773 a multiple of 1546?
False
Is 14761296 a multiple of 3?
True
Is 1099 a factor of 213171931?
True
Is 37 a factor of 226893847?
False
Is 5 a factor of 916698021?
False
Is 21 a factor of 65960711?
False
Does 72 divide 4309632?
True
Is 7 a factor of 29042524?
True
Does 15 divide 1022998122?
False
Is 219996269 a multiple of 19?
True
Does 1078 divide 18612562?
False
Is 92264750 a multiple of 14?
False
Is 17 a factor of 40129551?
False
Is 2044212185 a multiple of 446?
False
Does 26 divide 309035393?
False
Is 941 a factor of 168646961?
True
Does 127 divide 532636349?
True
Is 86883896 a multiple of 1112?
True
Is 210 a factor of 10575600?
True
Does 164 divide 24241004?
True
Is 10266112 a multiple of 256?
True
Does 36 divide 3851517780?
True
Is 6438996 a multiple of 12?
True
Does 644 divide 31622501?
False
Is 396 a factor of 150487524?
True
Is 1590 a factor of 49413878?
False
Does 3 divide 157508570?
False
Does 15 divide 336080460?
True
Is 112230494 a multiple of 67?
True
Does 87 divide 28370961?
True
Is 410 a factor of 350656337?
False
Is 18 a factor of 423268565?
False
Is 76729205 a multiple of 7?
True
Is 4047 a factor of 1877787765?
True
Does 10 divide 27662370?
True
Does 333 divide 57549079?
False
Does 129 divide 161874360?
True
Is 13441756 a multiple of 33?
False
Is 1201555941 a multiple of 2405?
False
Is 1241 a factor of 1408480396?
True
Is 213 a factor of 11553007?
False
Does 4108 divide 340857192?
True
Does 50 divide 51866650?
True
Does 155 divide 1353605700?
True
Is 1893782979 a multiple of 1397?
True
Is 14 a factor of 566769660?
False
Is 34833024 a multiple of 18?
True
Does 2721 divide 227051797?
False
Does 156 divide 5748578940?
True
Is 741 a factor of 4628479792?
False
Is 10006 a factor of 264218436?
True
Is 485 a factor of 91678974?
False
Does 35 divide 37626715?
True
Is 312050591 a multiple of 84?
False
Does 7148 divide 288402105?
False
Does 13 divide 164516721?
False
Is 6 a factor of 4195725?
False
Is 1355 a factor of 572324730?
False
Is 13683 a factor of 1625108370?
False
Is 3219 a factor of 72192513?
True
Is 507 a factor of 109600218?
True
Is 26 a factor of 90718375?
False
Does 41 divide 3753920722?
True
Is 164783697 a multiple of 12?
False
Does 5 divide 15860935?
True
Is 1498867032 a multiple of 26?
True
Does 226 divide 389954596?
False
Does 8 divide 705594455?
False
Is 31 a factor of 2258082315?
True
Is 185 a factor of 371131645?
True
Does 4 divide 76098393?
False
Does 35 divide 498651270?
False
Is 5642706 even?
True
Is 1974401403 a multiple of 51?
True
Is 9 a factor of 63885336?
False
Does 1893 divide 56986872?
True
Does 47 divide 74445697?
True
Is 484 a factor of 17433680?
True
Is 3477 a factor of 2656428?
True
Is 656 a factor of 3650437?
False
Does 633 divide 175260393?
False
Does 151 divide 3677001?
True
Is 115 a factor of 11919533?
False
Does 13 divide 367264424?
False
Does 303 divide 67129227?
False
Does 98 divide 26629246?
True
Is 586 a factor of 33113688?
True
Does 455 divide 16698500?
True
Is 50 a factor of 136763000?
True
Does 728 divide 431067000?
True
Does 183 divide 5199762?
True
Does 1737 divide 9854401?
False
Is 2356802 a multiple of 14?
True
Does 135 divide 797326919?
False
Is 5777543060 a multiple of 3470?
True
Is 1540656299 a multiple of 1391?
True
Does 13 divide 16590106?
True
Does 406 divide 5689278?
True
Does 307 divide 45916455?
True
Does 3465 divide 824604165?
True
Is 265004160 a multiple of 920?
True
Does 1951 divide 939154821?
True
Is 2 a factor of 194561281?
False
Is 15 a factor of 1284720?
True
Does 1029 divide 41852986?
False
Does 3416 divide 1437787568?
True
Is 193993040 a multiple of 19?
True
Does 537 divide 886482103?
False
Does 222 divide 466206216?
True
Is 17 a facto